{"id":152,"date":"2022-02-12T15:45:06","date_gmt":"2022-02-12T14:45:06","guid":{"rendered":"http:\/\/ferme-hemeryck-duchateau.fr\/?page_id=152"},"modified":"2025-11-18T17:39:09","modified_gmt":"2025-11-18T16:39:09","slug":"production","status":"publish","type":"page","link":"https:\/\/ferme-hemeryck-duchateau.fr\/index.php\/production\/","title":{"rendered":"Nos productions"},"content":{"rendered":"<div data-colibri-id=\"152-c1\" class=\"style-387 style-local-152-c1 position-relative\">\r\n  <!---->\r\n  <div data-colibri-component=\"section\" data-colibri-id=\"152-c2\" id=\"custom\" class=\"h-section h-section-global-spacing d-flex align-items-lg-center align-items-md-center align-items-center style-484 style-local-152-c2 position-relative\">\r\n    <!---->\r\n    <!---->\r\n    <div class=\"h-section-grid-container h-section-boxed-container\">\r\n      <!---->\r\n      <div data-colibri-id=\"152-c3\" class=\"h-row-container gutters-row-lg-2 gutters-row-md-2 gutters-row-0 gutters-row-v-lg-2 gutters-row-v-md-2 gutters-row-v-2 style-485 style-local-152-c3 position-relative\">\r\n        <!---->\r\n        <div class=\"h-row justify-content-lg-center justify-content-md-center justify-content-center align-items-lg-stretch align-items-md-stretch align-items-stretch gutters-col-lg-2 gutters-col-md-2 gutters-col-0 gutters-col-v-lg-2 gutters-col-v-md-2 gutters-col-v-2\">\r\n          <!---->\r\n          <div class=\"h-column h-column-container d-flex h-col-lg-auto h-col-md-auto h-col-auto style-486-outer style-local-152-c4-outer\">\r\n            <div data-colibri-id=\"152-c4\" class=\"d-flex h-flex-basis h-column__inner h-px-lg-2 h-px-md-2 h-px-2 v-inner-lg-2 v-inner-md-2 v-inner-2 style-486 style-local-152-c4 position-relative\">\r\n              <!---->\r\n              <!---->\r\n              <div class=\"w-100 h-y-container h-column__content h-column__v-align flex-basis-100 align-self-lg-start align-self-md-start align-self-start\">\r\n                <!---->\r\n                <div data-colibri-id=\"152-c5\" class=\"d-block style-807 style-local-152-c5 position-relative h-element\">\r\n                  <!---->\r\n                  <div class=\"h-image__frame-container-outer\">\r\n                    <div class=\"h-image__frame-container\">\r\n                      <!---->\r\n                      <!---->\r\n                      <img loading=\"lazy\" decoding=\"async\" width=\"1336\" height=\"348\" src=\"http:\/\/ferme-hemeryck-duchateau.fr\/wp-content\/uploads\/2022\/03\/montage-1-1.jpg\" class=\"wp-image-1380 style-807-image style-local-152-c5-image\" alt=\"\" srcset=\"https:\/\/ferme-hemeryck-duchateau.fr\/wp-content\/uploads\/2022\/03\/montage-1-1.jpg 1336w, https:\/\/ferme-hemeryck-duchateau.fr\/wp-content\/uploads\/2022\/03\/montage-1-1-300x78.jpg 300w, https:\/\/ferme-hemeryck-duchateau.fr\/wp-content\/uploads\/2022\/03\/montage-1-1-1024x267.jpg 1024w, https:\/\/ferme-hemeryck-duchateau.fr\/wp-content\/uploads\/2022\/03\/montage-1-1-768x200.jpg 768w\" sizes=\"(max-width: 1336px) 100vw, 1336px\" \/>\r\n                      <div class=\"h-image__frame h-hide-lg h-hide-md h-hide-sm style-807-frameImage style-local-152-c5-frameImage\"><\/div>\r\n                    <\/div>\r\n                  <\/div>\r\n                <\/div>\r\n                <div data-colibri-id=\"152-c6\" class=\"h-global-transition-all h-heading style-487 style-local-152-c6 position-relative h-element\">\r\n                  <!---->\r\n                  <div class=\"h-heading__outer style-487 style-local-152-c6\">\r\n                    <!---->\r\n                    <!---->\r\n                    <h2 class=\"\">Des productions diversifi\u00e9es gr\u00e2ce \u00e0 des terroirs vari\u00e9s<\/h2>\r\n                  <\/div>\r\n                <\/div>\r\n              <\/div>\r\n            <\/div>\r\n          <\/div>\r\n        <\/div>\r\n      <\/div>\r\n      <div data-colibri-id=\"152-c7\" class=\"h-row-container gutters-row-lg-2 gutters-row-md-2 gutters-row-0 gutters-row-v-lg-2 gutters-row-v-md-2 gutters-row-v-2 style-489 style-local-152-c7 position-relative\">\r\n        <!---->\r\n        <div class=\"h-row justify-content-lg-center justify-content-md-center justify-content-center align-items-lg-stretch align-items-md-stretch align-items-stretch gutters-col-lg-2 gutters-col-md-2 gutters-col-0 gutters-col-v-lg-2 gutters-col-v-md-2 gutters-col-v-2\">\r\n          <!---->\r\n          <div class=\"h-column h-column-container d-flex h-col-lg-auto h-col-md-auto h-col-auto style-490-outer style-local-152-c8-outer\">\r\n            <div data-colibri-id=\"152-c8\" class=\"d-flex h-flex-basis h-column__inner h-px-lg-2 h-px-md-2 h-px-2 v-inner-lg-2 v-inner-md-2 v-inner-2 style-490 style-local-152-c8 position-relative\">\r\n              <!---->\r\n              <!---->\r\n              <div class=\"w-100 h-y-container h-column__content h-column__v-align flex-basis-100 align-self-lg-start align-self-md-start align-self-start\">\r\n                <!---->\r\n                <div data-colibri-id=\"152-c9\" class=\"h-text h-text-component style-492 style-local-152-c9 position-relative h-element\">\r\n                  <!---->\r\n                  <!---->\r\n                  <div class=\"\">\r\n                    <p><span style=\"font-size: 141%;\">Notre ferme d&rsquo;\u00e9tend entre l&rsquo;Artois, la Baie de Somme et le Pays de Caux. Nous profitons de la richesse des diff\u00e9rents terroirs pour cultiver diff\u00e9rentes productions : du lin, des endives, des pommes de terre, des l\u00e9gumes, des c\u00e9r\u00e9ales, des betteraves, du ma\u00efs.<\/span><\/p>\r\n                    <p><span style=\"font-size: 141%;\">Pour valoriser les p\u00e2tures, nous \u00e9levons des vaches Salers.&nbsp;<\/span><\/p>\r\n                  <\/div>\r\n                <\/div>\r\n              <\/div>\r\n            <\/div>\r\n          <\/div>\r\n        <\/div>\r\n      <\/div>\r\n      <div data-colibri-id=\"152-c10\" class=\"h-row-container gutters-row-lg-2 gutters-row-md-2 gutters-row-0 gutters-row-v-lg-2 gutters-row-v-md-2 gutters-row-v-2 style-808 style-local-152-c10 position-relative\">\r\n        <!---->\r\n        <div class=\"h-row justify-content-lg-center justify-content-md-center justify-content-center align-items-lg-stretch align-items-md-stretch align-items-stretch gutters-col-lg-2 gutters-col-md-2 gutters-col-0 gutters-col-v-lg-2 gutters-col-v-md-2 gutters-col-v-2\">\r\n          <!---->\r\n          <div class=\"h-column h-column-container d-flex h-col-lg-auto h-col-md-auto h-col-auto style-809-outer style-local-152-c11-outer\">\r\n            <div data-colibri-id=\"152-c11\" class=\"d-flex h-flex-basis h-column__inner h-px-lg-2 h-px-md-2 h-px-2 v-inner-lg-2 v-inner-md-2 v-inner-2 style-809 style-local-152-c11 position-relative\">\r\n              <!---->\r\n              <!---->\r\n              <div class=\"w-100 h-y-container h-column__content h-column__v-align flex-basis-100 align-self-lg-start align-self-md-start align-self-start\">\r\n                <!---->\r\n                <div data-colibri-id=\"152-c12\" class=\"d-block style-524 style-local-152-c12 position-relative h-element\">\r\n                  <!---->\r\n                  <div class=\"h-image__frame-container-outer\">\r\n                    <a href=\"http:\/\/ferme-hemeryck-duchateau.fr\/index.php\/production\/les-endives\/\" h-use-smooth-scroll=\"true\" class=\"image-link\">\r\n                      <div class=\"h-image__frame-container\">\r\n                        <!---->\r\n                        <!---->\r\n                        <img loading=\"lazy\" decoding=\"async\" width=\"209\" height=\"442\" src=\"http:\/\/ferme-hemeryck-duchateau.fr\/wp-content\/uploads\/2022\/02\/cropped-cropped-cropped-endive.jpg\" class=\"wp-image-472 style-524-image style-local-152-c12-image\" alt=\"\" srcset=\"https:\/\/ferme-hemeryck-duchateau.fr\/wp-content\/uploads\/2022\/02\/cropped-cropped-cropped-endive.jpg 209w, https:\/\/ferme-hemeryck-duchateau.fr\/wp-content\/uploads\/2022\/02\/cropped-cropped-cropped-endive-142x300.jpg 142w\" sizes=\"(max-width: 209px) 100vw, 209px\" \/>\r\n                        <div class=\"h-image__frame h-hide-lg h-hide-md h-hide-sm style-524-frameImage style-local-152-c12-frameImage\"><\/div>\r\n                      <\/div>\r\n                    <\/a>\r\n                  <\/div>\r\n                <\/div>\r\n                <div data-colibri-id=\"152-c13\" class=\"h-text h-text-component style-525 style-local-152-c13 position-relative h-element\">\r\n                  <!---->\r\n                  <!---->\r\n                  <div class=\"\">\r\n                    <p>NOS ENDIVES<\/p>\r\n                  <\/div>\r\n                <\/div>\r\n              <\/div>\r\n            <\/div>\r\n          <\/div>\r\n          <div class=\"h-column h-column-container d-flex h-col-lg-auto h-col-md-auto h-col-auto style-520-outer style-local-152-c14-outer\">\r\n            <div data-colibri-id=\"152-c14\" class=\"d-flex h-flex-basis h-column__inner h-px-lg-2 h-px-md-2 h-px-2 v-inner-lg-2 v-inner-md-2 v-inner-2 style-520 style-local-152-c14 position-relative\">\r\n              <!---->\r\n              <!---->\r\n              <div class=\"w-100 h-y-container h-column__content h-column__v-align flex-basis-100 align-self-lg-start align-self-md-start align-self-start\">\r\n                <!---->\r\n                <div data-colibri-id=\"152-c15\" class=\"d-block style-526 style-local-152-c15 position-relative h-element\">\r\n                  <!---->\r\n                  <div class=\"h-image__frame-container-outer\">\r\n                    <a href=\"http:\/\/ferme-hemeryck-duchateau.fr\/index.php\/production\/le-lin\/\" h-use-smooth-scroll=\"true\" class=\"image-link\">\r\n                      <div class=\"h-image__frame-container\">\r\n                        <!---->\r\n                        <!---->\r\n                        <img loading=\"lazy\" decoding=\"async\" width=\"209\" height=\"406\" src=\"http:\/\/ferme-hemeryck-duchateau.fr\/wp-content\/uploads\/2022\/02\/cropped-cropped-cropped-lin-1.jpg\" class=\"wp-image-473 style-526-image style-local-152-c15-image\" alt=\"\" srcset=\"https:\/\/ferme-hemeryck-duchateau.fr\/wp-content\/uploads\/2022\/02\/cropped-cropped-cropped-lin-1.jpg 209w, https:\/\/ferme-hemeryck-duchateau.fr\/wp-content\/uploads\/2022\/02\/cropped-cropped-cropped-lin-1-154x300.jpg 154w\" sizes=\"(max-width: 209px) 100vw, 209px\" \/>\r\n                        <div class=\"h-image__frame h-hide-lg h-hide-md h-hide-sm style-526-frameImage style-local-152-c15-frameImage\"><\/div>\r\n                      <\/div>\r\n                    <\/a>\r\n                  <\/div>\r\n                <\/div>\r\n                <div data-colibri-id=\"152-c16\" class=\"h-text h-text-component style-527 style-local-152-c16 position-relative h-element\">\r\n                  <!---->\r\n                  <!---->\r\n                  <div class=\"\">\r\n                    <p>NOTRE LIN<\/p>\r\n                  <\/div>\r\n                <\/div>\r\n              <\/div>\r\n            <\/div>\r\n          <\/div>\r\n          <div class=\"h-column h-column-container d-flex h-col-lg-auto h-col-md-auto h-col-auto style-811-outer style-local-152-c17-outer\">\r\n            <div data-colibri-id=\"152-c17\" class=\"d-flex h-flex-basis h-column__inner h-px-lg-2 h-px-md-2 h-px-2 v-inner-lg-2 v-inner-md-2 v-inner-2 style-811 style-local-152-c17 position-relative\">\r\n              <!---->\r\n              <!---->\r\n              <div class=\"w-100 h-y-container h-column__content h-column__v-align flex-basis-100 align-self-lg-start align-self-md-start align-self-start\">\r\n                <!---->\r\n                <div data-colibri-id=\"152-c18\" class=\"d-block style-528 style-local-152-c18 position-relative h-element\">\r\n                  <!---->\r\n                  <div class=\"h-image__frame-container-outer\">\r\n                    <a href=\"http:\/\/ferme-hemeryck-duchateau.fr\/index.php\/production\/les-pommes-de-terre\/\" h-use-smooth-scroll=\"true\" class=\"image-link\">\r\n                      <div class=\"h-image__frame-container\">\r\n                        <!---->\r\n                        <!---->\r\n                        <img loading=\"lazy\" decoding=\"async\" width=\"563\" height=\"447\" src=\"http:\/\/ferme-hemeryck-duchateau.fr\/wp-content\/uploads\/2022\/02\/cropped-cropped-cropped-Capture.jpg\" class=\"wp-image-474 style-528-image style-local-152-c18-image\" alt=\"\" srcset=\"https:\/\/ferme-hemeryck-duchateau.fr\/wp-content\/uploads\/2022\/02\/cropped-cropped-cropped-Capture.jpg 563w, https:\/\/ferme-hemeryck-duchateau.fr\/wp-content\/uploads\/2022\/02\/cropped-cropped-cropped-Capture-300x238.jpg 300w\" sizes=\"(max-width: 563px) 100vw, 563px\" \/>\r\n                        <div class=\"h-image__frame h-hide-lg h-hide-md h-hide-sm style-528-frameImage style-local-152-c18-frameImage\"><\/div>\r\n                      <\/div>\r\n                    <\/a>\r\n                  <\/div>\r\n                <\/div>\r\n                <div data-colibri-id=\"152-c19\" class=\"h-text h-text-component style-529 style-local-152-c19 position-relative h-element\">\r\n                  <!---->\r\n                  <!---->\r\n                  <div class=\"\">\r\n                    <p>NOS POMMES DE TERRE<\/p>\r\n                  <\/div>\r\n                <\/div>\r\n              <\/div>\r\n            <\/div>\r\n          <\/div>\r\n          <div class=\"h-column h-column-container d-flex h-col-lg-auto h-col-md-auto h-col-auto style-812-outer style-local-152-c20-outer\">\r\n            <div data-colibri-id=\"152-c20\" class=\"d-flex h-flex-basis h-column__inner h-px-lg-2 h-px-md-2 h-px-2 v-inner-lg-2 v-inner-md-2 v-inner-2 style-812 style-local-152-c20 position-relative\">\r\n              <!---->\r\n              <!---->\r\n              <div class=\"w-100 h-y-container h-column__content h-column__v-align flex-basis-100 align-self-lg-start align-self-md-start align-self-start\">\r\n                <!---->\r\n                <div data-colibri-id=\"152-c21\" class=\"d-block style-530 style-local-152-c21 position-relative h-element\">\r\n                  <!---->\r\n                  <div class=\"h-image__frame-container-outer\">\r\n                    <a href=\"http:\/\/ferme-hemeryck-duchateau.fr\/index.php\/production\/les-vaches\/\" h-use-smooth-scroll=\"true\" class=\"image-link\">\r\n                      <div class=\"h-image__frame-container\">\r\n                        <!---->\r\n                        <!---->\r\n                        <img loading=\"lazy\" decoding=\"async\" width=\"658\" height=\"400\" src=\"http:\/\/ferme-hemeryck-duchateau.fr\/wp-content\/uploads\/2022\/02\/cropped-cropped-vache-1.jpg\" class=\"wp-image-475 style-530-image style-local-152-c21-image\" alt=\"\" srcset=\"https:\/\/ferme-hemeryck-duchateau.fr\/wp-content\/uploads\/2022\/02\/cropped-cropped-vache-1.jpg 658w, https:\/\/ferme-hemeryck-duchateau.fr\/wp-content\/uploads\/2022\/02\/cropped-cropped-vache-1-300x182.jpg 300w\" sizes=\"(max-width: 658px) 100vw, 658px\" \/>\r\n                        <div class=\"h-image__frame h-hide-lg h-hide-md h-hide-sm style-530-frameImage style-local-152-c21-frameImage\"><\/div>\r\n                      <\/div>\r\n                    <\/a>\r\n                  <\/div>\r\n                <\/div>\r\n                <div data-colibri-id=\"152-c22\" class=\"h-text h-text-component style-531 style-local-152-c22 position-relative h-element\">\r\n                  <!---->\r\n                  <!---->\r\n                  <div class=\"\">\r\n                    <p>NOS VACHES<\/p>\r\n                  <\/div>\r\n                <\/div>\r\n              <\/div>\r\n            <\/div>\r\n          <\/div>\r\n          <div class=\"h-column h-column-container d-flex h-col-lg-auto h-col-md-auto h-col-auto style-813-outer style-local-152-c23-outer\">\r\n            <div data-colibri-id=\"152-c23\" class=\"d-flex h-flex-basis h-column__inner h-px-lg-2 h-px-md-2 h-px-2 v-inner-lg-2 v-inner-md-2 v-inner-2 style-813 style-local-152-c23 position-relative\">\r\n              <!---->\r\n              <!---->\r\n              <div class=\"w-100 h-y-container h-column__content h-column__v-align flex-basis-100 align-self-lg-start align-self-md-start align-self-start\">\r\n                <!---->\r\n                <div data-colibri-id=\"152-c24\" class=\"d-block style-532 style-local-152-c24 position-relative h-element\">\r\n                  <!---->\r\n                  <div class=\"h-image__frame-container-outer\">\r\n                    <a href=\"http:\/\/ferme-hemeryck-duchateau.fr\/index.php\/production\/grandes-cultures\/\" h-use-smooth-scroll=\"true\" class=\"image-link\">\r\n                      <div class=\"h-image__frame-container\">\r\n                        <!---->\r\n                        <!---->\r\n                        <img loading=\"lazy\" decoding=\"async\" width=\"775\" height=\"332\" src=\"http:\/\/ferme-hemeryck-duchateau.fr\/wp-content\/uploads\/2022\/03\/montage-2.jpg\" class=\"wp-image-1317 style-532-image style-local-152-c24-image\" alt=\"\" srcset=\"https:\/\/ferme-hemeryck-duchateau.fr\/wp-content\/uploads\/2022\/03\/montage-2.jpg 775w, https:\/\/ferme-hemeryck-duchateau.fr\/wp-content\/uploads\/2022\/03\/montage-2-300x129.jpg 300w, https:\/\/ferme-hemeryck-duchateau.fr\/wp-content\/uploads\/2022\/03\/montage-2-768x329.jpg 768w\" sizes=\"(max-width: 775px) 100vw, 775px\" \/>\r\n                        <div class=\"h-image__frame h-hide-lg h-hide-md h-hide-sm style-532-frameImage style-local-152-c24-frameImage\"><\/div>\r\n                      <\/div>\r\n                    <\/a>\r\n                  <\/div>\r\n                <\/div>\r\n                <div data-colibri-id=\"152-c25\" class=\"h-text h-text-component style-818 style-local-152-c25 position-relative h-element\">\r\n                  <!---->\r\n                  <!---->\r\n                  <div class=\"\">\r\n                    <p><span style=\"font-weight: 400; font-size: 16px; font-family: &quot;Open Sans&quot;; color: rgb(70, 112, 127);\">NOS GRANDES CULTURES<\/span><\/p>\r\n                  <\/div>\r\n                <\/div>\r\n              <\/div>\r\n            <\/div>\r\n          <\/div>\r\n        <\/div>\r\n      <\/div>\r\n    <\/div>\r\n  <\/div>\r\n<\/div>","protected":false},"excerpt":{"rendered":"<p>Des productions diversifi\u00e9es gr\u00e2ce \u00e0 des terroirs vari\u00e9s Notre ferme d&rsquo;\u00e9tend entre l&rsquo;Artois, la Baie de Somme et le Pays de Caux. Nous profitons de la richesse des diff\u00e9rents terroirs pour cultiver diff\u00e9rentes productions : du lin, des endives, des pommes de terre, des l\u00e9gumes, des c\u00e9r\u00e9ales, des betteraves, du ma\u00efs. Pour valoriser les p\u00e2tures, [&hellip;]<\/p>\n","protected":false},"author":1,"featured_media":0,"parent":0,"menu_order":0,"comment_status":"closed","ping_status":"closed","template":"page-templates\/full-width-page.php","meta":{"footnotes":""},"_links":{"self":[{"href":"https:\/\/ferme-hemeryck-duchateau.fr\/index.php\/wp-json\/wp\/v2\/pages\/152"}],"collection":[{"href":"https:\/\/ferme-hemeryck-duchateau.fr\/index.php\/wp-json\/wp\/v2\/pages"}],"about":[{"href":"https:\/\/ferme-hemeryck-duchateau.fr\/index.php\/wp-json\/wp\/v2\/types\/page"}],"author":[{"embeddable":true,"href":"https:\/\/ferme-hemeryck-duchateau.fr\/index.php\/wp-json\/wp\/v2\/users\/1"}],"replies":[{"embeddable":true,"href":"https:\/\/ferme-hemeryck-duchateau.fr\/index.php\/wp-json\/wp\/v2\/comments?post=152"}],"version-history":[{"count":20,"href":"https:\/\/ferme-hemeryck-duchateau.fr\/index.php\/wp-json\/wp\/v2\/pages\/152\/revisions"}],"predecessor-version":[{"id":1937,"href":"https:\/\/ferme-hemeryck-duchateau.fr\/index.php\/wp-json\/wp\/v2\/pages\/152\/revisions\/1937"}],"wp:attachment":[{"href":"https:\/\/ferme-hemeryck-duchateau.fr\/index.php\/wp-json\/wp\/v2\/media?parent=152"}],"curies":[{"name":"wp","href":"https:\/\/api.w.org\/{rel}","templated":true}]}}