{"id":1820,"date":"2022-03-09T16:24:28","date_gmt":"2022-03-09T15:24:28","guid":{"rendered":"http:\/\/ferme-hemeryck-duchateau.fr\/?post_type=te_announcements&#038;p=1820"},"modified":"2024-02-09T10:32:44","modified_gmt":"2024-02-09T09:32:44","slug":"1820-2","status":"publish","type":"te_announcements","link":"https:\/\/ferme-hemeryck-duchateau.fr\/index.php\/announcement\/1820-2\/","title":{"rendered":"1920, la 1\u00e8re g\u00e9n\u00e9ration"},"content":{"rendered":"<p>Difficile de trouver des photos de cette \u00e9poque mais le souvenir de cette premi\u00e8re g\u00e9n\u00e9ration d&rsquo;agriculteurs est encore tr\u00e8s pr\u00e9sent dans les m\u00e9moires familiales.<\/p>\n","protected":false},"parent":0,"template":"","announcement_date":"Announcement Date: 1 janvier 1920","announcement_image":{"iframe":false,"url":"http:\/\/ferme-hemeryck-duchateau.fr\/wp-content\/uploads\/2022\/03\/vache-1920-1.jpg"},"_links":{"self":[{"href":"https:\/\/ferme-hemeryck-duchateau.fr\/index.php\/wp-json\/wp\/v2\/announcement\/1820"}],"collection":[{"href":"https:\/\/ferme-hemeryck-duchateau.fr\/index.php\/wp-json\/wp\/v2\/announcement"}],"about":[{"href":"https:\/\/ferme-hemeryck-duchateau.fr\/index.php\/wp-json\/wp\/v2\/types\/te_announcements"}],"wp:attachment":[{"href":"https:\/\/ferme-hemeryck-duchateau.fr\/index.php\/wp-json\/wp\/v2\/media?parent=1820"}],"curies":[{"name":"wp","href":"https:\/\/api.w.org\/{rel}","templated":true}]}}

1920, la 1ère génération

<p>Difficile de trouver des photos de cette époque mais le souvenir de cette première génération d&rsquo;agriculteurs est encore très présent dans les mémoires familiales.</p>
