{"id":1583,"date":"2022-03-09T11:08:35","date_gmt":"2022-03-09T10:08:35","guid":{"rendered":"http:\/\/ferme-hemeryck-duchateau.fr\/?post_type=te_announcements&#038;p=1583"},"modified":"2024-04-30T12:04:11","modified_gmt":"2024-04-30T10:04:11","slug":"des-generations-dagriculteurs","status":"publish","type":"te_announcements","link":"https:\/\/ferme-hemeryck-duchateau.fr\/index.php\/announcement\/des-generations-dagriculteurs\/","title":{"rendered":"1960, la 3\u00e8me g\u00e9n\u00e9ration"},"content":{"rendered":"<p>La m\u00e9canisation de l&rsquo;agriculture a une un r\u00f4le important. Ferdinand viabilisait le Bois de Nevert pendant que Jean-Louis d\u00e9veloppait l&rsquo;endiverie et que Jean-Marc valorisait le lin.<\/p>\n<p><img loading=\"lazy\" decoding=\"async\" class=\"size-medium wp-image-2657 alignleft\" src=\"http:\/\/ferme-hemeryck-duchateau.fr\/wp-content\/uploads\/2022\/03\/IMG_4962-300x300.jpg\" alt=\"\" width=\"300\" height=\"300\" srcset=\"https:\/\/ferme-hemeryck-duchateau.fr\/wp-content\/uploads\/2022\/03\/IMG_4962-300x300.jpg 300w, https:\/\/ferme-hemeryck-duchateau.fr\/wp-content\/uploads\/2022\/03\/IMG_4962-1024x1019.jpg 1024w, https:\/\/ferme-hemeryck-duchateau.fr\/wp-content\/uploads\/2022\/03\/IMG_4962-150x150.jpg 150w, https:\/\/ferme-hemeryck-duchateau.fr\/wp-content\/uploads\/2022\/03\/IMG_4962-1536x1529.jpg 1536w, https:\/\/ferme-hemeryck-duchateau.fr\/wp-content\/uploads\/2022\/03\/IMG_4962.jpg 1877w\" sizes=\"(max-width: 300px) 100vw, 300px\" \/><\/p>\n<p><img loading=\"lazy\" decoding=\"async\" class=\"size-medium wp-image-2655 alignleft\" src=\"http:\/\/ferme-hemeryck-duchateau.fr\/wp-content\/uploads\/2022\/03\/IMG_4964-300x195.jpg\" alt=\"\" width=\"300\" height=\"195\" srcset=\"https:\/\/ferme-hemeryck-duchateau.fr\/wp-content\/uploads\/2022\/03\/IMG_4964-300x195.jpg 300w, https:\/\/ferme-hemeryck-duchateau.fr\/wp-content\/uploads\/2022\/03\/IMG_4964-1024x667.jpg 1024w, https:\/\/ferme-hemeryck-duchateau.fr\/wp-content\/uploads\/2022\/03\/IMG_4964-768x500.jpg 768w, https:\/\/ferme-hemeryck-duchateau.fr\/wp-content\/uploads\/2022\/03\/IMG_4964-1536x1000.jpg 1536w, https:\/\/ferme-hemeryck-duchateau.fr\/wp-content\/uploads\/2022\/03\/IMG_4964-2048x1334.jpg 2048w\" sizes=\"(max-width: 300px) 100vw, 300px\" \/><\/p>\n<p>&nbsp;<\/p>\n<p>&nbsp;<\/p>\n<p>&nbsp;<\/p>\n<p>&nbsp;<\/p>\n<p>&nbsp;<\/p>\n<p>&nbsp;<\/p>\n<p>&nbsp;<\/p>\n<p>&nbsp;<\/p>\n<p>M\u00eame quelques ann\u00e9es plus tard, leur passion est toujours intacte.<\/p>\n<p><img loading=\"lazy\" decoding=\"async\" class=\"alignnone size-medium wp-image-2960\" src=\"http:\/\/ferme-hemeryck-duchateau.fr\/wp-content\/uploads\/2022\/03\/0064f6ec-3c0f-452d-821e-e3c2bd2c3ba6-225x300.jpg\" alt=\"\" width=\"225\" height=\"300\" srcset=\"https:\/\/ferme-hemeryck-duchateau.fr\/wp-content\/uploads\/2022\/03\/0064f6ec-3c0f-452d-821e-e3c2bd2c3ba6-225x300.jpg 225w, https:\/\/ferme-hemeryck-duchateau.fr\/wp-content\/uploads\/2022\/03\/0064f6ec-3c0f-452d-821e-e3c2bd2c3ba6.jpg 768w\" sizes=\"(max-width: 225px) 100vw, 225px\" \/>\u00a0 \u00a0 \u00a0 \u00a0<img loading=\"lazy\" decoding=\"async\" class=\"alignnone size-medium wp-image-2961\" src=\"http:\/\/ferme-hemeryck-duchateau.fr\/wp-content\/uploads\/2022\/03\/CKTN6749-225x300.jpg\" alt=\"\" width=\"225\" height=\"300\" srcset=\"https:\/\/ferme-hemeryck-duchateau.fr\/wp-content\/uploads\/2022\/03\/CKTN6749-225x300.jpg 225w, https:\/\/ferme-hemeryck-duchateau.fr\/wp-content\/uploads\/2022\/03\/CKTN6749.jpg 768w\" sizes=\"(max-width: 225px) 100vw, 225px\" \/><\/p>\n","protected":false},"parent":0,"template":"","announcement_date":"Announcement Date: 4 mars 1960","announcement_image":{"iframe":false,"url":"http:\/\/ferme-hemeryck-duchateau.fr\/wp-content\/uploads\/2022\/03\/tracteur-1960.png"},"_links":{"self":[{"href":"https:\/\/ferme-hemeryck-duchateau.fr\/index.php\/wp-json\/wp\/v2\/announcement\/1583"}],"collection":[{"href":"https:\/\/ferme-hemeryck-duchateau.fr\/index.php\/wp-json\/wp\/v2\/announcement"}],"about":[{"href":"https:\/\/ferme-hemeryck-duchateau.fr\/index.php\/wp-json\/wp\/v2\/types\/te_announcements"}],"wp:attachment":[{"href":"https:\/\/ferme-hemeryck-duchateau.fr\/index.php\/wp-json\/wp\/v2\/media?parent=1583"}],"curies":[{"name":"wp","href":"https:\/\/api.w.org\/{rel}","templated":true}]}}

1960, la 3ème génération

<p>La mécanisation de l&rsquo;agriculture a une un rôle important. Ferdinand viabilisait le Bois de Nevert pendant que Jean-Louis développait l&rsquo;endiverie et que Jean-Marc valorisait le lin.</p>
<p><img loading="lazy" decoding="async" class="size-medium wp-image-2657 alignleft" src="http://ferme-hemeryck-duchateau.fr/wp-content/uploads/2022/03/IMG_4962-300x300.jpg" alt="" width="300" height="300" srcset="https://ferme-hemeryck-duchateau.fr/wp-content/uploads/2022/03/IMG_4962-300x300.jpg 300w, https://ferme-hemeryck-duchateau.fr/wp-content/uploads/2022/03/IMG_4962-1024x1019.jpg 1024w, https://ferme-hemeryck-duchateau.fr/wp-content/uploads/2022/03/IMG_4962-150x150.jpg 150w, https://ferme-hemeryck-duchateau.fr/wp-content/uploads/2022/03/IMG_4962-1536x1529.jpg 1536w, https://ferme-hemeryck-duchateau.fr/wp-content/uploads/2022/03/IMG_4962.jpg 1877w" sizes="(max-width: 300px) 100vw, 300px" /></p>
<p><img loading="lazy" decoding="async" class="size-medium wp-image-2655 alignleft" src="http://ferme-hemeryck-duchateau.fr/wp-content/uploads/2022/03/IMG_4964-300x195.jpg" alt="" width="300" height="195" srcset="https://ferme-hemeryck-duchateau.fr/wp-content/uploads/2022/03/IMG_4964-300x195.jpg 300w, https://ferme-hemeryck-duchateau.fr/wp-content/uploads/2022/03/IMG_4964-1024x667.jpg 1024w, https://ferme-hemeryck-duchateau.fr/wp-content/uploads/2022/03/IMG_4964-768x500.jpg 768w, https://ferme-hemeryck-duchateau.fr/wp-content/uploads/2022/03/IMG_4964-1536x1000.jpg 1536w, https://ferme-hemeryck-duchateau.fr/wp-content/uploads/2022/03/IMG_4964-2048x1334.jpg 2048w" sizes="(max-width: 300px) 100vw, 300px" /></p>
<p>&nbsp;</p>
<p>&nbsp;</p>
<p>&nbsp;</p>
<p>&nbsp;</p>
<p>&nbsp;</p>
<p>&nbsp;</p>
<p>&nbsp;</p>
<p>&nbsp;</p>
<p>Même quelques années plus tard, leur passion est toujours intacte.</p>
<p><img loading="lazy" decoding="async" class="alignnone size-medium wp-image-2960" src="http://ferme-hemeryck-duchateau.fr/wp-content/uploads/2022/03/0064f6ec-3c0f-452d-821e-e3c2bd2c3ba6-225x300.jpg" alt="" width="225" height="300" srcset="https://ferme-hemeryck-duchateau.fr/wp-content/uploads/2022/03/0064f6ec-3c0f-452d-821e-e3c2bd2c3ba6-225x300.jpg 225w, https://ferme-hemeryck-duchateau.fr/wp-content/uploads/2022/03/0064f6ec-3c0f-452d-821e-e3c2bd2c3ba6.jpg 768w" sizes="(max-width: 225px) 100vw, 225px" />       <img loading="lazy" decoding="async" class="alignnone size-medium wp-image-2961" src="http://ferme-hemeryck-duchateau.fr/wp-content/uploads/2022/03/CKTN6749-225x300.jpg" alt="" width="225" height="300" srcset="https://ferme-hemeryck-duchateau.fr/wp-content/uploads/2022/03/CKTN6749-225x300.jpg 225w, https://ferme-hemeryck-duchateau.fr/wp-content/uploads/2022/03/CKTN6749.jpg 768w" sizes="(max-width: 225px) 100vw, 225px" /></p>
